ivisor of 211701 and 68.
17
What is the greatest common divisor of 12744 and 107852?
236
What is the highest common divisor of 14181 and 870?
87
Calculate the highest common factor of 1712 and 6672.
16
What is the greatest common factor of 185877 and 171?
171
Calculate the greatest common divisor of 10496 and 17384.
328
Calculate the greatest common factor of 1782 and 573.
3
What is the highest common divisor of 13134 and 2605308?
1194
Calculate the highest common divisor of 513560 and 185.
185
Calculate the greatest common divisor of 25 and 245425.
25
What is the greatest common divisor of 97972 and 28?
28
What is the greatest common factor of 474 and 6594?
6
What is the highest common factor of 864 and 29536?
32
What is the greatest common divisor of 18869 and 37?
1
What is the greatest common factor of 354430 and 1340?
670
What is the greatest common divisor of 379058 and 2?
2
What is the highest common divisor of 58353 and 3975?
159
What is the greatest common divisor of 2009 and 369?
41
Calculate the highest common factor of 1237040 and 27965.
1645
Calculate the highest common factor of 4812 and 192.
12
Calculate the greatest common divisor of 1176 and 74508.
84
What is the highest common factor of 132 and 89?
1
Calculate the greatest common factor of 14 and 12943.
7
Calculate the highest common factor of 1980 and 195588.
36
Calculate the greatest common factor of 30 and 59475.
15
Calculate the highest common divisor of 72 and 35358.
6
Calculate the greatest common factor of 9635 and 26855.
205
What is the greatest common factor of 585 and 29952?
117
Calculate the greatest common factor of 51541 and 143479.
1393
What is the highest common divisor of 5 and 1400645?
5
What is the highest common factor of 11633 and 11?
1
Calculate the highest common divisor of 298 and 995171.
149
Calculate the greatest common factor of 111 and 663780.
111
What is the greatest common divisor of 33087 and 1107?
123
What is the greatest common factor of 7447896 and 18?
18
Calculate the highest common factor of 166105 and 139.
139
Calculate the greatest common factor of 3176240 and 32.
16
What is the greatest common factor of 21060 and 30?
30
What is the highest common divisor of 133 and 626?
1
Calculate the highest common factor of 1248 and 9192.
24
Calculate the highest common factor of 87 and 135517.
29
Calculate the highest common factor of 6068 and 12218.
82
Calculate the highest common factor of 9713 and 14267.
11
Calculate the greatest common factor of 1103352 and 48.
24
What is the greatest common divisor of 45 and 2484?
9
What is the greatest common divisor of 209193 and 1354?
677
What is the highest common factor of 6636 and 60200?
28
Calculate the greatest common factor of 102 and 55794.
102
What is the highest common factor of 225 and 7488?
9
Calculate the highest common factor of 4230282 and 329.
329
Calculate the highest common factor of 693 and 12089.
77
What is the greatest common divisor of 7533 and 1944?
243
What is the greatest common factor of 232904 and 280?
56
Calculate the greatest common divisor of 165 and 13713.
3
Calculate the greatest common factor of 151954 and 44.
22
Calculate the greatest common factor of 1327005 and 1480.
185
What is the highest common factor of 2274305 and 11?
11
Calculate the greatest common divisor of 2906862 and 268.
134
Calculate the highest common divisor of 152240 and 1360.
80
What is the highest common factor of 326 and 2796917?
163
What is the greatest common factor of 388240 and 3220?
460
Calculate the highest common factor of 2036708 and 4790.
958
What is the greatest common divisor of 92076 and 24?
12
What is the highest common divisor of 4830882 and 126?
42
What is the greatest common divisor of 8201 and 151232?
139
What is the greatest common factor of 961 and 33821?
31
Calculate the greatest common divisor of 1325 and 1675.
25
What is the highest common factor of 23 and 224894?
23
Calculate the highest common divisor of 833 and 4913.
17
Calculate the highest common divisor of 14528 and 48124.
908
What is the highest common factor of 1079 and 9594?
13
Calculate the greatest common factor of 21850 and 4275.
475
What is the greatest common divisor of 15282 and 54?
54
Calculate the greatest common factor of 210886 and 130.
26
What is the highest common divisor of 2 and 541?
1
Calculate the highest common divisor of 696 and 732.
12
Calculate the highest common divisor of 180 and 2470.
10
Calculate the greatest common divisor of 29 and 485.
1
What is the greatest common divisor of 132957 and 833?
17
Calculate the highest common divisor of 482758 and 10678.
562
What is the greatest common divisor of 3885469 and 721?
721
Calculate the greatest common divisor of 81 and 60219.
9
Calculate the highest common factor of 599804 and 452.
452
Calculate the highest common factor of 8 and 1325888.
8
Calculate the greatest common factor of 189476 and 112.
28
Calculate the highest common factor of 395 and 8611.
79
Calculate the highest common factor of 93499 and 25382.
259
Calculate the highest common divisor of 4648 and 10346.
14
Calculate the greatest common factor of 1148994 and 693.
693
Calculate the greatest common divisor of 9296 and 9072.
112
Calculate the highest common factor of 40 and 104680.
40
Calculate the greatest common factor of 29847 and 12.
3
What is the highest common divisor of 171955 and 70?
35
What is the highest common factor of 266 and 22116?
38
What is the highest common factor of 92404 and 52?
52
Calculate the greatest common divisor of 9975 and 3591.
399
Calculate the greatest common factor of 26 and 11427.
13
Calculate the greatest common divisor of 93248 and 2728.
248
Calculate the greatest common factor of 54078 and 6.
6
Calculate the highest common factor of 56323 and 28721.
373
What is the highest common factor of 505 and 267145?
505
Calculate the highest common divisor of 4434 and 18.
6
What is the greatest common factor of 5925 and 5056?
79
What is the greatest common divisor of 117 and 13312?
13
What is the highest common factor of 4378 and 110?
22
What is the highest common factor of 1906362 and 36?
18
What is the greatest common factor of 12 and 5020272?
12
Calculate the highest common factor of 19 and 5509981.
19
Calculate the highest common factor of 24 and 12522.
6
What is the greatest common factor of 11 and 814165?
11
What is the greatest common factor of 8562 and 87047?
1427
What is the highest common factor of 45415 and 1395?
155
What is the greatest common divisor of 15155 and 15588?
433
Calculate the highest common factor of 4 and 269.
1
What is the greatest common divisor of 1161 and 891?
27
Calculate the greatest common factor of 45152 and 1088.
544
Calculate the highest common factor of 1056 and 11854128.
528
Calculate the highest common divisor of 35464 and 18733.
143
What is the greatest common divisor of 576 and 1128?
24
Calculate the highest common factor of 9919 and 1001.
91
Calculate the greatest common divisor of 288064 and 168.
56
What is the greatest common divisor of 135 and 973809?
27
Calculate the highest common divisor of 801 and 4717.
89
What is the highest common factor of 1230 and 755130?
30
What is the greatest common factor of 193 and 15633?
193
Calculate the highest common factor of 2092 and 36099552.
2092
What is the greatest common factor of 19592 and 2232?
248
What is the greatest common factor of 177689 and 548?
137
Calculate the highest common divisor of 14430 and 1326.
78
Calculate the greatest common factor of 13233 and 11629.
401
What is the highest common factor of 1189 and 35148?
29
Calculate the greatest common divisor of 148 and 841343.
37
Calculate the greatest common factor of 12 and 132328.
4
Calculate the highest common divisor of 585 and 1235.
65
Calculate the greatest common factor of 31590 and 520.
130
Calculate the greatest common divisor of 100 and 9756100.
100
Calculate the highest common divisor of 4494 and 370541.
107
What is the greatest common factor of 1 and 11003?
1
Calculate the greatest common factor of 61894 and 28.
14
What is the highest common divisor of 65856 and 7728?
336
Calculate the highest common factor of 155 and 188015.
155
What is the greatest common divisor of 6985 and 1012?
11
Calculate the highest common